s the greatest common factor of v and 38?
19
Let m be (4*(-1)/(-4) + (6 - 9))*-126. What is the greatest common divisor of m and 2448?
36
Suppose 2*d + 2*i - 2040 = 0, 3*i + 3030 = 42*d - 39*d. Calculate the highest common factor of d and 2639.
203
Suppose j + 49 = 13. Let s be (-8 - -3) + (1 - j). Let x(a) = 2*a - 4. Let p be x(6). Calculate the highest common factor of s and p.
8
Let a be 60/(-75)*(-2460)/8. Let o = -220 + a. Calculate the highest common factor of 208 and o.
26
Let i be 1/4 + (-1713)/(-12). Let o(h) = 12*h**2 + 16 + 1 - 2*h - 18. Let z be o(-1). Calculate the greatest common divisor of z and i.
13
Suppose -2*f - 3*j - 20 + 10 = 0, 0 = 5*f - 4*j + 71. Let x(y) = 5*y**2 - 8*y + 19. Let d be x(f). Calculate the greatest common factor of d and 89.
89
Let o(r) = 9*r - 129. Suppose 5*i = -2*b + 54, -10 = -5*i - 0*i. Let a be o(b). What is the highest common divisor of a and 92?
23
Let a be (5 + -1 - -1)/1 + 1. Suppose a*q - 5*o - 4460 = q, 5*q - 2*o = 4457. What is the greatest common factor of q and 27?
27
Suppose 0 = -r - 5, -t + 0*t = -4*r - 38. Suppose 4 - 10 = -2*b. Suppose b*m + 2*m - 810 = 0. What is the greatest common divisor of m and t?
18
Suppose -551*t + 129 = -502*t - 18. What is the highest common divisor of t and 19?
1
Suppose 3*h = 92*y - 88*y - 1322, 694 = 2*y + 4*h. What is the greatest common divisor of y and 402?
67
Suppose -11*i = -14*i + 18. Suppose 0 = -i*o - o + 112. Let d(k) = 6*k - 26. Let s be d(15). Calculate the highest common divisor of s and o.
16
Let o(b) = b**3 - 41*b**2 + 248*b - 60. Let m be o(34). Calculate the highest common factor of 1820 and m.
140
Let f(v) = -8*v - 84. Let c(x) = -5*x - 41. Let m(j) = 7*c(j) - 4*f(j). Let o be m(10). Calculate the highest common divisor of 608 and o.
19
Let o be 1 + 4/((-28)/(-1827)). Let h = o - 234. Calculate the highest common divisor of 182 and h.
14
Suppose 4*s - 5*c + 2541 = 7057, 2*s = -3*c + 2280. Suppose -s = -65*q + 59*q. Calculate the greatest common factor of 28 and q.
7
Suppose 4*u = y - 4*y + 181, 0 = 3*y + u - 169. Calculate the greatest common divisor of y and 99.
11
Let t = 25 + 47. Suppose -v = -k - 0*v + t, -4*v - 360 = -5*k. Calculate the greatest common factor of 16 and k.
8
Suppose 0 = 11*s - 70 - 106. Calculate the highest common factor of s and 4336.
16
Let v(z) = -z**2 + 79*z - 1414. Let a be v(49). Calculate the highest common divisor of 665 and a.
7
Suppose 37*t + 220 = 41*t. Suppose 0 = 3*n - 0*n - 30. Suppose d - t = -n*d. Calculate the highest common divisor of 20 and d.
5
Suppose 15*u + 2784 = 44*u. What is the greatest common divisor of u and 480?
96
Let j = 18549 - 15680. Calculate the highest common divisor of j and 133.
19
Let h = 727 + -607. What is the greatest common factor of h and 30?
30
Let q(h) = h**2 + 97*h - 533. Let l be q(-105). What is the greatest common factor of 3 and l?
1
Let l = 23532 + -23511. What is the highest common divisor of 31983 and l?
21
Let z be (1/(-5))/((-28413)/660 - -43). Let t be (-30)/9*6/(-1). Suppose 0 = 2*w + t - 108. What is the highest common divisor of w and z?
4
Let k be 75/4*(-144)/(-54). Calculate the greatest common factor of 170 and k.
10
Suppose u = -0*h + h - 304, -4*u + 16 = 0. Suppose 20*m = 31*m - h. Calculate the highest common factor of 168 and m.
28
Suppose 0 = -64*z + 3414 + 2090. Let w(j) = 3*j**2 + j - 11. Let d be w(-7). Calculate the highest common factor of d and z.
43
Let q(z) = 8*z**2 - z. Let d be q(-1). Suppose 674*p - 28 = 670*p. Suppose p*u - d*u + 24 = 0. Calculate the highest common divisor of 132 and u.
12
Let u(z) = 37*z**2 - 58*z - 416. Let q be u(-8). Calculate the greatest common divisor of q and 24.
8
Let s(b) = -b + 5. Let j be s(3). Suppose 0 = -u + 4*v + 31, -7*u + j*v = -10*u + 23. What is the greatest common factor of u and 33?
11
Let q be -2 - (-1)/(-2)*6. Let b(u) = 35*u + 316. Let n be b(-9). Let s be n/q - (-1248)/65. Calculate the highest common divisor of 152 and s.
19
Let o be 9 - 5/(30/24). Suppose 5*i - o - 10 = 0. What is the highest common factor of 7 and i?
1
Suppose -23*p = -6*p + 51. Let s be 7 + (p/(-6))/(1/2). Calculate the highest common divisor of 148 and s.
4
Suppose -34935 = -1532*j + 1447*j. What is the greatest common factor of j and 4247?
137
Suppose -3*m = -4*y + 523, -2*y - 32*m + 27*m = -255. Calculate the greatest common divisor of y and 3250.
130
Let q(j) = -3*j**2 - 70*j - 40. Let o be q(-22). Calculate the highest common divisor of 1296 and o.
48
Let l = -10 + 12. Let o be 19*(1 + 0)*l. Let m = -1548 - -1966. Calculate the highest common divisor of m and o.
38
Let m be 2/(4/10) + 1. Let i = 21 + m. Let g = -218 + 221. What is the highest common factor of i and g?
3
Let o = 94 - 85. Suppose 5 - 50 = -o*r. What is the greatest common factor of r and 45?
5
Let w be 5 + 12 - (3 + 2). Let o be 1923/w - (-13)/(-52). What is the greatest common factor of o and 32?
32
Suppose -15*y - 5*c + 1 = -17*y, -2*c = 3*y - 8. Let g(t) = 73*t**3 + 6*t**2 - 2*t - 2. Let b be g(y). What is the highest common factor of 14 and b?
14
Let t = -261 - -306. Let s be -2 - -1 - 4/(-1). Let l(q) = q**2 + 1. Let r be l(s). What is the highest common divisor of t and r?
5
Let j(x) = -7*x + 33. Let f be j(-12). Let l = f - 117. Suppose 3*y - 15 - 132 = l. What is the greatest common factor of y and 343?
49
Suppose -c = 3*a - 247, 0 = 4*c - 5*c + a + 263. Suppose 5*r + 521 = 2*x - 0*r, -2*r = -x + c. Calculate the greatest common divisor of x and 23.
23
Suppose 2*m = -5*i - 20, -i + 5*i = 2*m - 16. Suppose -6*u + 968 + 208 = m. Suppose -r = 13*r - u. Calculate the highest common factor of 126 and r.
14
Let s = -95 - -17. Let w = s + 89. Let d be (-72)/(-120) - 1314/(-10). Calculate the highest common divisor of w and d.
11
Let r = 113 - 82. Suppose 2*u + 4 = 0, 3*j - u - 2*u - 9 = 0. Calculate the greatest common factor of j and r.
1
Let j be (-7 + 177/25)*5*15 + 636. Calculate the highest common factor of 3638 and j.
214
Let q = 1338 - 831. Let v = 657 - q. Let l be (2/2 - -59) + 0. What is the greatest common divisor of l and v?
30
Suppose -2*c + 5*j + 95 + 108 = 0, -175 = -2*c + j. What is the highest common factor of c and 9562?
14
Let l(a) = -3*a + 24. Let x = 0 + -17. Let m be l(x). Calculate the greatest common factor of m and 100.
25
Let k = 315 - 771. Let d = -445 - k. Let l be 5/(-2)*66/(-3). What is the greatest common factor of l and d?
11
Suppose -1570 = -2*s - 2*c, -3*s + 4*c = -3379 + 989. What is the highest common divisor of s and 6?
2
Let k(n) = 6*n**2 + 2*n - 2. Let j = 19 - 17. Let u be k(j). Suppose 3*l = -5*r + 795, -8*l + 7*l = -2*r + 307. Calculate the highest common factor of r and u.
26
Let p(r) = 1170*r - 3 - 1170*r + 2*r**2. Let f be p(2). Suppose 3*q = -3*s - 2*q + 10, -5*s + f*q + 30 = 0. What is the greatest common factor of 40 and s?
5
Suppose 0 = -9*s - 14135 + 29444. Calculate the greatest common divisor of 147 and s.
21
Let x(a) = 286*a - 410. Let t be x(3). Calculate the greatest common factor of 14 and t.
14
Suppose 3*n - 3565 = d, -5*n - 3*d + 6027 = 90. Suppose -67*m = -34*m - n. Calculate the greatest common factor of m and 1152.
36
Let u be 1/3 + 12/(-36). Suppose -355 = -5*r - u*r. Suppose 2*d - x + r = 4*d, 5*x = -4*d + 145. Calculate the highest common divisor of d and 21.
7
Let k be (22 + 68)*26/6. Calculate the highest common divisor of k and 2210.
130
Let j be (-106)/(-13) + 60/(-390). Let m be (-11 - -1)/((-1)/24). What is the highest common divisor of m and j?
8
Let t be 88 + 1 - (-2)/(-1). Let y = -28 + 28. Suppose y = -j + 24 + 5. What is the highest common divisor of j and t?
29
Suppose -3*w + 567 - 243 = 0. What is the highest common factor of w and 132?
12
Let q(h) = -22*h + 12. Let n be q(-4). Suppose 2*j - 9 = 4*l + 23, 4*j + l - n = 0. Calculate the greatest common divisor of 60 and j.
12
Suppose -28840 = -7*v + 3*r, -v = -5*r - 4560 + 408. Calculate the highest common divisor of v and 46.
23
Let m = -52 + 39. Let p = 49 + m. Let x = p + -33. Calculate the highest common factor of x and 21.
3
Suppose -4*t = -0*t - 292. Let n be (2/4 + 4)/(39/(-572)). Let v = t + n. What is the highest common divisor of v and 1?
1
Suppose 4*c - 24 = 0, m - 3*c = -78 + 83. What is the greatest common factor o